culate the highest common factor of 91 and i.
13
Let n be (1 + -2)*(-3 + 1). Suppose n*x = 7*x - 130. Suppose 3*t - 5*z - 26 = 11, 2*t - 3*z = x. Calculate the greatest common divisor of 171 and t.
19
Let p = 301 + -294. Calculate the greatest common divisor of 28 and p.
7
Let w be 1/10 - 363/30. Let f = 29 - w. What is the highest common divisor of 164 and f?
41
Let h(c) = -9*c**3 - 4*c**2 - c + 2. Let r be h(-2). Let x be r/(-1*(9/3)/(-3)). Calculate the highest common factor of 20 and x.
20
Let f(u) = -u**3 + 14*u**2 - 14*u + 15. Let i be f(7). Calculate the greatest common divisor of i and 364.
52
Suppose -3*j = -4*l + 32 + 37, -5*l - 4*j = -94. Let y = -14 + l. Calculate the greatest common factor of 12 and y.
4
Let v = 14 + 17. Suppose 231*y = 220*y + 682. What is the highest common factor of y and v?
31
Suppose 0 = -2*p - 3*q + 33, 2*p + 6 - 21 = 3*q. What is the highest common divisor of 27 and p?
3
Let k = -4196 - -4236. Suppose -16 = -3*w - w. Suppose 4*l - 5*o = 84, -l = w*l - 4*o - 96. What is the highest common factor of k and l?
8
Suppose -14*d + 192 = -102. What is the greatest common divisor of 441 and d?
21
Suppose 0 = 5*y - 2*y. Suppose -2*h = 3*s - 24, -36 = -y*h - 3*h + 3*s. Calculate the greatest common factor of h and 60.
12
Let x(f) = f - 1. Let a be x(9). Let l be (11 + 5)*(3/2 + 2). Calculate the greatest common divisor of a and l.
8
Suppose -15 = 13*j - 16*j. Suppose -j*q - 5*r + 162 = -248, 0 = -4*r + 20. What is the greatest common factor of q and 11?
11
Suppose 0 = -2*s + 3*g - 8*g + 3643, 5*s - g = 9094. What is the highest common factor of s and 107?
107
Suppose 5*a + 4*x + 1 = -1, 2*a - 3*x - 13 = 0. Suppose 100 = 5*u + 4*k, a*u + 3*k - 5*k = 58. Let z = 28 - 4. What is the greatest common divisor of z and u?
24
Let j be (-4 - 70/(-25))*(6 + -251). What is the greatest common factor of 6 and j?
6
Let g(x) = -x - 44. Let w be g(0). Let h be (56/(-16))/(2/w). Let m = -1 + 8. What is the highest common factor of m and h?
7
Suppose 17*b - 13*b = 72. What is the highest common factor of 8 and b?
2
Let q be 759/46*(-8)/(-6). Calculate the greatest common divisor of q and 88.
22
Let x = -75 - -49. Let u = 55 - x. Let s(l) = l**3 + 5*l**2 + 3*l + 5. Let d be s(-4). What is the highest common divisor of u and d?
9
Suppose q + 3*g - 755 = 0, -5*q = 3*g - 8*g - 3855. Calculate the highest common divisor of 13 and q.
13
Suppose 7*a - 9*a - 5*k + 497 = 0, 5*k = 25. What is the highest common divisor of a and 4?
4
Suppose 3*o + 2*x = 10, 4*o - 5*x - 5 - 16 = 0. Suppose -53 + 193 = 5*h. Calculate the highest common factor of h and o.
4
Let t = -3 + 6. Suppose -3*h + 2*p = -2*p + 11, p - t = h. Let w be (1 - h)/((-2)/(-11)). What is the greatest common divisor of 11 and w?
11
Let c be 3/(60/8)*(-130)/(-2). What is the greatest common divisor of c and 4?
2
Suppose -2*p - 17 = -43. Suppose -p*w + 360 = -9*w. Calculate the highest common factor of 18 and w.
18
Suppose 0*n = 3*n, -2*x + 64 = 4*n. Suppose 3*a - 343 = 41. What is the highest common factor of x and a?
32
Suppose m - 4*y = 18, 2*y + 23 = 3*m - 1. Calculate the greatest common divisor of m and 102.
6
Let f be 1/((3/(-3))/(-227)). Suppose t + 4*t - f = -2*b, -t = -3*b - 42. Let p = 13 + 2. Calculate the highest common divisor of p and t.
15
Let a = -3 + 5. Let p = a - -23. Let q = 306 + -31. Calculate the greatest common factor of p and q.
25
Suppose -6*p + 617 + 1117 = 0. What is the greatest common divisor of p and 17?
17
Let w = 40 + -26. Suppose 3*o - 5*o + 196 = 0. Calculate the greatest common factor of o and w.
14
Let w = -1739 + 1741. Suppose 0 = -2*u + 4*u - 12. Calculate the greatest common factor of w and u.
2
Let w be (-843)/(-27) + (-2)/9. Let f(h) = h**3 - 30*h**2 + 31*h + 66. Let p be f(29). What is the highest common divisor of w and p?
31
Suppose 22*x - 847 - 429 = 0. Calculate the highest common factor of x and 174.
58
Let h = -48 - -10. Let z be h/(-12) - 4/24. Suppose 24 = b - z*n, -5*b = 4*n - 3 - 41. Calculate the highest common factor of b and 4.
4
Let a(q) = 12*q - 2. Let k be a(4). Suppose 3*w + 2*x - k = -3*x, 58 = 5*w - x. Calculate the highest common factor of 12 and w.
12
Let b = 1241 + -1192. Calculate the highest common divisor of b and 5.
1
Let g be ((-462)/(-4))/1*2. Let r = 10 - 6. Suppose 3*j - r*j + 5 = 4*t, -t - 4 = 0. What is the greatest common divisor of j and g?
21
Let x = -116 - -36. Let d = x + 89. What is the greatest common factor of d and 9?
9
Let c(m) = m**3 - m**2 + m + 30. Let o be c(0). Suppose 4*v - 22 = 78. Let n = v + -5. Calculate the greatest common factor of n and o.
10
Suppose -4*h + 189 + 47 = 0. Let m = h + -38. What is the greatest common divisor of m and 147?
21
Suppose -5*x = 2*h - 90, -4*x - h = -0*x - 72. Let j(y) = -4*y + 4*y + 24 + 5 + y. Let q be j(-11). What is the highest common divisor of x and q?
18
Let m(h) = -2*h + 10. Let d be m(10). Let k(r) = -2*r + 1. Let u be k(d). What is the greatest common factor of u and 84?
21
Let w be 86/5 - ((-114)/30 + 4). What is the highest common divisor of 272 and w?
17
Suppose 2*b + 4*g = 862, 1712 = -7*b + 11*b + 2*g. What is the highest common factor of 122 and b?
61
Let k be -2 - -1*(-9)/(-1). Let s be (-1)/((-14)/2692) + (-4)/14. Let g = 269 - s. Calculate the greatest common divisor of g and k.
7
Suppose 17*x = 12*x + 2635. What is the highest common divisor of 17 and x?
17
Suppose 0 = x - 3, 0*n + 5*n + 5*x = 690. Let u be ((-324)/42)/((-2)/14). Calculate the greatest common divisor of n and u.
27
Suppose -i = -3, 4*d - 32 + 11 = -3*i. Suppose -h - d*y + 5 = -24, 0 = -3*h + 5*y + 129. What is the highest common divisor of h and 190?
38
Suppose 5*r + 5*y - 190 = 0, 5*y + 222 = 5*r + 32. What is the highest common divisor of r and 152?
38
Let f = -16 - -149. Calculate the highest common factor of 21 and f.
7
Let u = -92 - -97. Let c(y) = 7*y - 19. Let m be c(u). Calculate the greatest common factor of 1 and m.
1
Let g = -6 - -18. Suppose -5*k = 3*c - 59, -5*k + 9 = -3*c - 32. What is the highest common divisor of k and g?
2
Let r(k) = 39*k**2 - 23*k + 68. Let z be r(4). What is the highest common divisor of 48 and z?
24
Let f = -26 + 38. Suppose 2*o - 3*k = -5, -k = 3*o + k - f. Calculate the greatest common divisor of o and 34.
2
Suppose 72*m + 15525 = 95*m. What is the highest common factor of 300 and m?
75
Let z = -81 - -85. Suppose z*o + 68 = 80. What is the highest common divisor of o and 21?
3
Let n = -2091 + 2097. Calculate the highest common factor of 81 and n.
3
Suppose -6*s = -3*s - 90. Let r = s - 17. Calculate the highest common divisor of r and 104.
13
Suppose 5*y - 395 = 10*y. Let x = -27 - y. What is the highest common divisor of x and 130?
26
Suppose 3286*g = 3278*g + 1944. What is the highest common factor of g and 567?
81
Let a = 26 + -26. Suppose a = 3*c - 25 - 14. Suppose -2*g - y - 20 + 124 = 0, -5*g + 5*y + 260 = 0. Calculate the highest common factor of c and g.
13
Let c(z) = -5*z. Let b be c(-8). Let k be b/(-50) - 68/(-10). Suppose -4*p = -22 - k. What is the highest common divisor of p and 21?
7
Let b = 108 + -103. Suppose 4*w - 96 + 4 = -b*t, -3*w = t - 14. What is the greatest common factor of t and 4?
4
Suppose 2*k = 5*k - 4*q - 394, 3*q = -5*k + 618. Calculate the highest common divisor of k and 18.
18
Suppose 6*a - a = 255. Let h be (-7)/(84/(-921)) - (-2)/8. Suppose h = 3*s + 26. Calculate the greatest common factor of a and s.
17
Suppose 72 = 2*c + r, 2*c = -3*r - 1 + 65. Suppose -118 - 72 = -2*s. Calculate the greatest common factor of s and c.
19
Let q(c) = -7*c - 67. Let i be q(-28). What is the greatest common factor of i and 344?
43
Let c = -119 + 137. Suppose 0 = 4*g - 197 - 19. What is the highest common divisor of g and c?
18
Let z(a) = a**3 + 4*a**2 + 4*a + 37. Let k be z(-4). Calculate the highest common factor of 1491 and k.
21
Let w = 278 + -135. What is the highest common divisor of w and 22?
11
Suppose 8 = z - q, z + 3*q + 10 = -2*q. Let p be z + -7 - (-78 + 0) - -2. What is the greatest common divisor of p and 195?
39
Let m(r) = 4*r**2 + 9*r + 2. Let u be m(-6). Let v = -1270 + 1274. Suppose -j - v*d = -90 - 7, -j = 3*d - u. What is the greatest common factor of j and 7?
7
Let w = 350 + -265. Let i be 0 + 169